{"id":113,"date":"2023-06-17T18:33:57","date_gmt":"2023-06-17T21:33:57","guid":{"rendered":"https:\/\/ravendesignestudio.com\/?page_id=113"},"modified":"2025-06-13T15:59:30","modified_gmt":"2025-06-13T18:59:30","slug":"clientes","status":"publish","type":"page","link":"https:\/\/ravendesignestudio.com\/index.php\/clientes\/","title":{"rendered":"CLIENTES"},"content":{"rendered":"<h5>\u00bfPOE QUE NOS ELIGEN?<\/h5>\n<h4>PYMES QUE NOS ACOMPA\u00d1AN<\/h4>\n<h3 style=\"text-align: center;\">Soy Deborah, llevo m\u00e1s 20 a\u00f1os trabajando de forma remota con una gran variedad de PYMES de diversos rubros.<\/h3>\n<h2>Algunos de Nuestros Clientes<\/h2>\n<figure>\n\t\t\t\t\t\t\t\t\t\t\t<a href=\"https:\/\/volquetescapitalfederal.com\/\"><br \/>\n\t\t\t\t\t\t\t<img loading=\"lazy\" decoding=\"async\" width=\"512\" height=\"512\" src=\"https:\/\/ravendesignestudio.com\/wp-content\/uploads\/2023\/06\/24.jpg\" alt=\"Desarrollo de paginas web\" srcset=\"https:\/\/ravendesignestudio.com\/wp-content\/uploads\/2023\/06\/24.jpg 512w, https:\/\/ravendesignestudio.com\/wp-content\/uploads\/2023\/06\/24-300x300.jpg 300w, https:\/\/ravendesignestudio.com\/wp-content\/uploads\/2023\/06\/24-100x100.jpg 100w, https:\/\/ravendesignestudio.com\/wp-content\/uploads\/2023\/06\/24-150x150.jpg 150w\" sizes=\"(max-width: 512px) 100vw, 512px\" \/>\t\t\t\t\t\t\t\t<\/a><figcaption>www.volquetescapitalfederal.com<\/figcaption><\/figure>\n<figure>\n\t\t\t\t\t\t\t\t\t\t\t<a href=\"https:\/\/comprochatarrasscrap.com\/\"><br \/>\n\t\t\t\t\t\t\t<img loading=\"lazy\" decoding=\"async\" width=\"512\" height=\"512\" src=\"https:\/\/ravendesignestudio.com\/wp-content\/uploads\/2023\/06\/2.jpg\" alt=\"Desarrollo de paginas web\" srcset=\"https:\/\/ravendesignestudio.com\/wp-content\/uploads\/2023\/06\/2.jpg 512w, https:\/\/ravendesignestudio.com\/wp-content\/uploads\/2023\/06\/2-300x300.jpg 300w, https:\/\/ravendesignestudio.com\/wp-content\/uploads\/2023\/06\/2-100x100.jpg 100w, https:\/\/ravendesignestudio.com\/wp-content\/uploads\/2023\/06\/2-150x150.jpg 150w\" sizes=\"(max-width: 512px) 100vw, 512px\" \/>\t\t\t\t\t\t\t\t<\/a><figcaption>www.comprochatarrasscrap.com<\/figcaption><\/figure>\n<figure>\n\t\t\t\t\t\t\t\t\t\t\t<a href=\"http:\/\/www.volquetesnacho.com.ar\"><br \/>\n\t\t\t\t\t\t\t<img loading=\"lazy\" decoding=\"async\" width=\"512\" height=\"512\" src=\"https:\/\/ravendesignestudio.com\/wp-content\/uploads\/2023\/06\/23.jpg\" alt=\"Desarrollo de paginas web\" srcset=\"https:\/\/ravendesignestudio.com\/wp-content\/uploads\/2023\/06\/23.jpg 512w, https:\/\/ravendesignestudio.com\/wp-content\/uploads\/2023\/06\/23-300x300.jpg 300w, https:\/\/ravendesignestudio.com\/wp-content\/uploads\/2023\/06\/23-100x100.jpg 100w, https:\/\/ravendesignestudio.com\/wp-content\/uploads\/2023\/06\/23-150x150.jpg 150w\" sizes=\"(max-width: 512px) 100vw, 512px\" \/>\t\t\t\t\t\t\t\t<\/a><figcaption>www.volquetesnacho.com.ar<\/figcaption><\/figure>\n<figure>\n\t\t\t\t\t\t\t\t\t\t\t<a href=\"http:\/\/www.turismo180grados.com\"><br \/>\n\t\t\t\t\t\t\t<img loading=\"lazy\" decoding=\"async\" width=\"500\" height=\"500\" src=\"https:\/\/ravendesignestudio.com\/wp-content\/uploads\/2025\/03\/R-11.png\" alt=\"\" srcset=\"https:\/\/ravendesignestudio.com\/wp-content\/uploads\/2025\/03\/R-11.png 500w, https:\/\/ravendesignestudio.com\/wp-content\/uploads\/2025\/03\/R-11-300x300.png 300w, https:\/\/ravendesignestudio.com\/wp-content\/uploads\/2025\/03\/R-11-150x150.png 150w, https:\/\/ravendesignestudio.com\/wp-content\/uploads\/2025\/03\/R-11-100x100.png 100w\" sizes=\"(max-width: 500px) 100vw, 500px\" \/>\t\t\t\t\t\t\t\t<\/a><figcaption>www.turismo180grados.com<\/figcaption><\/figure>\n<figure>\n\t\t\t\t\t\t\t\t\t\t\t<a href=\"http:\/\/www.gimnasiobodimaniac.com\"><br \/>\n\t\t\t\t\t\t\t<img loading=\"lazy\" decoding=\"async\" width=\"512\" height=\"512\" src=\"https:\/\/ravendesignestudio.com\/wp-content\/uploads\/2023\/06\/1.jpg\" alt=\"Desarrollo de paginas web\" srcset=\"https:\/\/ravendesignestudio.com\/wp-content\/uploads\/2023\/06\/1.jpg 512w, https:\/\/ravendesignestudio.com\/wp-content\/uploads\/2023\/06\/1-300x300.jpg 300w, https:\/\/ravendesignestudio.com\/wp-content\/uploads\/2023\/06\/1-100x100.jpg 100w, https:\/\/ravendesignestudio.com\/wp-content\/uploads\/2023\/06\/1-150x150.jpg 150w\" sizes=\"(max-width: 512px) 100vw, 512px\" \/>\t\t\t\t\t\t\t\t<\/a><figcaption>|https:\/\/gimnasiobodymaniac.com\/<\/figcaption><\/figure>\n<figure>\n\t\t\t\t\t\t\t\t\t\t\t<a href=\"http:\/\/www.emserpilar.com.ar\"><br \/>\n\t\t\t\t\t\t\t<img loading=\"lazy\" decoding=\"async\" width=\"512\" height=\"512\" src=\"https:\/\/ravendesignestudio.com\/wp-content\/uploads\/2023\/06\/11.jpg\" alt=\"Desarrollo de paginas web\" srcset=\"https:\/\/ravendesignestudio.com\/wp-content\/uploads\/2023\/06\/11.jpg 512w, https:\/\/ravendesignestudio.com\/wp-content\/uploads\/2023\/06\/11-300x300.jpg 300w, https:\/\/ravendesignestudio.com\/wp-content\/uploads\/2023\/06\/11-100x100.jpg 100w, https:\/\/ravendesignestudio.com\/wp-content\/uploads\/2023\/06\/11-150x150.jpg 150w\" sizes=\"(max-width: 512px) 100vw, 512px\" \/>\t\t\t\t\t\t\t\t<\/a><figcaption>www.emserpilar.com.ar<\/figcaption><\/figure>\n","protected":false},"excerpt":{"rendered":"<p>\u00bfPOE QUE NOS ELIGEN? PYMES QUE NOS ACOMPA\u00d1AN Soy Deborah, llevo m\u00e1s 20 a\u00f1os trabajando de forma remota con una gran variedad de PYMES de diversos rubros. Algunos de Nuestros Clientes www.volquetescapitalfederal.com www.comprochatarrasscrap.com www.volquetesnacho.com.ar www.turismo180grados.com |https:\/\/gimnasiobodymaniac.com\/ www.emserpilar.com.ar<\/p>\n","protected":false},"author":1,"featured_media":0,"parent":0,"menu_order":0,"comment_status":"closed","ping_status":"closed","template":"","meta":{"_et_pb_use_builder":"","_et_pb_old_content":"","_et_gb_content_width":"","_uag_custom_page_level_css":"","_joinchat":[],"footnotes":""},"class_list":["post-113","page","type-page","status-publish","hentry"],"yoast_head":"<!-- This site is optimized with the Yoast SEO plugin v27.4 - https:\/\/yoast.com\/product\/yoast-seo-wordpress\/ -->\n<title>CLIENTES - DESARROLLO DE PAGINAS WEB<\/title>\n<meta name=\"description\" content=\"DESARROLLO WEB- Elegimos juntos cada detalle de su sitio y la campa\u00f1a de marketing mas conveniente para su empresa. +54 91168650293\" \/>\n<meta name=\"robots\" content=\"index, follow, max-snippet:-1, max-image-preview:large, max-video-preview:-1\" \/>\n<link rel=\"canonical\" href=\"https:\/\/ravendesignestudio.com\/index.php\/clientes\/\" \/>\n<meta property=\"og:locale\" content=\"en_US\" \/>\n<meta property=\"og:type\" content=\"article\" \/>\n<meta property=\"og:title\" content=\"CLIENTES - DESARROLLO DE PAGINAS WEB\" \/>\n<meta property=\"og:description\" content=\"DESARROLLO WEB- Elegimos juntos cada detalle de su sitio y la campa\u00f1a de marketing mas conveniente para su empresa. +54 91168650293\" \/>\n<meta property=\"og:url\" content=\"https:\/\/ravendesignestudio.com\/index.php\/clientes\/\" \/>\n<meta property=\"og:site_name\" content=\"DESARROLLO DE PAGINAS WEB\" \/>\n<meta property=\"article:modified_time\" content=\"2025-06-13T18:59:30+00:00\" \/>\n<meta property=\"og:image\" content=\"https:\/\/ravendesignestudio.com\/wp-content\/uploads\/2023\/06\/24.jpg\" \/>\n\t<meta property=\"og:image:width\" content=\"512\" \/>\n\t<meta property=\"og:image:height\" content=\"512\" \/>\n\t<meta property=\"og:image:type\" content=\"image\/jpeg\" \/>\n<meta name=\"twitter:card\" content=\"summary_large_image\" \/>\n<meta name=\"twitter:label1\" content=\"Est. reading time\" \/>\n\t<meta name=\"twitter:data1\" content=\"2 minutes\" \/>\n<script type=\"application\/ld+json\" class=\"yoast-schema-graph\">{\"@context\":\"https:\\\/\\\/schema.org\",\"@graph\":[{\"@type\":\"WebPage\",\"@id\":\"https:\\\/\\\/ravendesignestudio.com\\\/index.php\\\/clientes\\\/\",\"url\":\"https:\\\/\\\/ravendesignestudio.com\\\/index.php\\\/clientes\\\/\",\"name\":\"CLIENTES - DESARROLLO DE PAGINAS WEB\",\"isPartOf\":{\"@id\":\"https:\\\/\\\/ravendesignestudio.com\\\/#website\"},\"primaryImageOfPage\":{\"@id\":\"https:\\\/\\\/ravendesignestudio.com\\\/index.php\\\/clientes\\\/#primaryimage\"},\"image\":{\"@id\":\"https:\\\/\\\/ravendesignestudio.com\\\/index.php\\\/clientes\\\/#primaryimage\"},\"thumbnailUrl\":\"https:\\\/\\\/ravendesignestudio.com\\\/wp-content\\\/uploads\\\/2023\\\/06\\\/24.jpg\",\"datePublished\":\"2023-06-17T21:33:57+00:00\",\"dateModified\":\"2025-06-13T18:59:30+00:00\",\"description\":\"DESARROLLO WEB- Elegimos juntos cada detalle de su sitio y la campa\u00f1a de marketing mas conveniente para su empresa. +54 91168650293\",\"breadcrumb\":{\"@id\":\"https:\\\/\\\/ravendesignestudio.com\\\/index.php\\\/clientes\\\/#breadcrumb\"},\"inLanguage\":\"en-US\",\"potentialAction\":[{\"@type\":\"ReadAction\",\"target\":[\"https:\\\/\\\/ravendesignestudio.com\\\/index.php\\\/clientes\\\/\"]}]},{\"@type\":\"ImageObject\",\"inLanguage\":\"en-US\",\"@id\":\"https:\\\/\\\/ravendesignestudio.com\\\/index.php\\\/clientes\\\/#primaryimage\",\"url\":\"https:\\\/\\\/ravendesignestudio.com\\\/wp-content\\\/uploads\\\/2023\\\/06\\\/24.jpg\",\"contentUrl\":\"https:\\\/\\\/ravendesignestudio.com\\\/wp-content\\\/uploads\\\/2023\\\/06\\\/24.jpg\",\"width\":512,\"height\":512,\"caption\":\"https:\\\/\\\/volquetescapitalfederal.com\\\/\"},{\"@type\":\"BreadcrumbList\",\"@id\":\"https:\\\/\\\/ravendesignestudio.com\\\/index.php\\\/clientes\\\/#breadcrumb\",\"itemListElement\":[{\"@type\":\"ListItem\",\"position\":1,\"name\":\"Inicio\",\"item\":\"https:\\\/\\\/ravendesignestudio.com\\\/\"},{\"@type\":\"ListItem\",\"position\":2,\"name\":\"CLIENTES\"}]},{\"@type\":\"WebSite\",\"@id\":\"https:\\\/\\\/ravendesignestudio.com\\\/#website\",\"url\":\"https:\\\/\\\/ravendesignestudio.com\\\/\",\"name\":\"Raven Design Estudio\",\"description\":\"Dise\u00f1o de pagina web\",\"publisher\":{\"@id\":\"https:\\\/\\\/ravendesignestudio.com\\\/#organization\"},\"alternateName\":\"Desarrollo de paginas web\",\"potentialAction\":[{\"@type\":\"SearchAction\",\"target\":{\"@type\":\"EntryPoint\",\"urlTemplate\":\"https:\\\/\\\/ravendesignestudio.com\\\/?s={search_term_string}\"},\"query-input\":{\"@type\":\"PropertyValueSpecification\",\"valueRequired\":true,\"valueName\":\"search_term_string\"}}],\"inLanguage\":\"en-US\"},{\"@type\":\"Organization\",\"@id\":\"https:\\\/\\\/ravendesignestudio.com\\\/#organization\",\"name\":\"Raven Design Estudio\",\"alternateName\":\"Dise\u00f1o de paginas web\",\"url\":\"https:\\\/\\\/ravendesignestudio.com\\\/\",\"logo\":{\"@type\":\"ImageObject\",\"inLanguage\":\"en-US\",\"@id\":\"https:\\\/\\\/ravendesignestudio.com\\\/#\\\/schema\\\/logo\\\/image\\\/\",\"url\":\"https:\\\/\\\/ravendesignestudio.com\\\/wp-content\\\/uploads\\\/2023\\\/06\\\/cropped-logoravendesign.png\",\"contentUrl\":\"https:\\\/\\\/ravendesignestudio.com\\\/wp-content\\\/uploads\\\/2023\\\/06\\\/cropped-logoravendesign.png\",\"width\":380,\"height\":355,\"caption\":\"Raven Design Estudio\"},\"image\":{\"@id\":\"https:\\\/\\\/ravendesignestudio.com\\\/#\\\/schema\\\/logo\\\/image\\\/\"}}]}<\/script>\n<!-- \/ Yoast SEO plugin. -->","yoast_head_json":{"title":"CLIENTES - DESARROLLO DE PAGINAS WEB","description":"DESARROLLO WEB- Elegimos juntos cada detalle de su sitio y la campa\u00f1a de marketing mas conveniente para su empresa. +54 91168650293","robots":{"index":"index","follow":"follow","max-snippet":"max-snippet:-1","max-image-preview":"max-image-preview:large","max-video-preview":"max-video-preview:-1"},"canonical":"https:\/\/ravendesignestudio.com\/index.php\/clientes\/","og_locale":"en_US","og_type":"article","og_title":"CLIENTES - DESARROLLO DE PAGINAS WEB","og_description":"DESARROLLO WEB- Elegimos juntos cada detalle de su sitio y la campa\u00f1a de marketing mas conveniente para su empresa. +54 91168650293","og_url":"https:\/\/ravendesignestudio.com\/index.php\/clientes\/","og_site_name":"DESARROLLO DE PAGINAS WEB","article_modified_time":"2025-06-13T18:59:30+00:00","og_image":[{"width":512,"height":512,"url":"https:\/\/ravendesignestudio.com\/wp-content\/uploads\/2023\/06\/24.jpg","type":"image\/jpeg"}],"twitter_card":"summary_large_image","twitter_misc":{"Est. reading time":"2 minutes"},"schema":{"@context":"https:\/\/schema.org","@graph":[{"@type":"WebPage","@id":"https:\/\/ravendesignestudio.com\/index.php\/clientes\/","url":"https:\/\/ravendesignestudio.com\/index.php\/clientes\/","name":"CLIENTES - DESARROLLO DE PAGINAS WEB","isPartOf":{"@id":"https:\/\/ravendesignestudio.com\/#website"},"primaryImageOfPage":{"@id":"https:\/\/ravendesignestudio.com\/index.php\/clientes\/#primaryimage"},"image":{"@id":"https:\/\/ravendesignestudio.com\/index.php\/clientes\/#primaryimage"},"thumbnailUrl":"https:\/\/ravendesignestudio.com\/wp-content\/uploads\/2023\/06\/24.jpg","datePublished":"2023-06-17T21:33:57+00:00","dateModified":"2025-06-13T18:59:30+00:00","description":"DESARROLLO WEB- Elegimos juntos cada detalle de su sitio y la campa\u00f1a de marketing mas conveniente para su empresa. +54 91168650293","breadcrumb":{"@id":"https:\/\/ravendesignestudio.com\/index.php\/clientes\/#breadcrumb"},"inLanguage":"en-US","potentialAction":[{"@type":"ReadAction","target":["https:\/\/ravendesignestudio.com\/index.php\/clientes\/"]}]},{"@type":"ImageObject","inLanguage":"en-US","@id":"https:\/\/ravendesignestudio.com\/index.php\/clientes\/#primaryimage","url":"https:\/\/ravendesignestudio.com\/wp-content\/uploads\/2023\/06\/24.jpg","contentUrl":"https:\/\/ravendesignestudio.com\/wp-content\/uploads\/2023\/06\/24.jpg","width":512,"height":512,"caption":"https:\/\/volquetescapitalfederal.com\/"},{"@type":"BreadcrumbList","@id":"https:\/\/ravendesignestudio.com\/index.php\/clientes\/#breadcrumb","itemListElement":[{"@type":"ListItem","position":1,"name":"Inicio","item":"https:\/\/ravendesignestudio.com\/"},{"@type":"ListItem","position":2,"name":"CLIENTES"}]},{"@type":"WebSite","@id":"https:\/\/ravendesignestudio.com\/#website","url":"https:\/\/ravendesignestudio.com\/","name":"Raven Design Estudio","description":"Dise\u00f1o de pagina web","publisher":{"@id":"https:\/\/ravendesignestudio.com\/#organization"},"alternateName":"Desarrollo de paginas web","potentialAction":[{"@type":"SearchAction","target":{"@type":"EntryPoint","urlTemplate":"https:\/\/ravendesignestudio.com\/?s={search_term_string}"},"query-input":{"@type":"PropertyValueSpecification","valueRequired":true,"valueName":"search_term_string"}}],"inLanguage":"en-US"},{"@type":"Organization","@id":"https:\/\/ravendesignestudio.com\/#organization","name":"Raven Design Estudio","alternateName":"Dise\u00f1o de paginas web","url":"https:\/\/ravendesignestudio.com\/","logo":{"@type":"ImageObject","inLanguage":"en-US","@id":"https:\/\/ravendesignestudio.com\/#\/schema\/logo\/image\/","url":"https:\/\/ravendesignestudio.com\/wp-content\/uploads\/2023\/06\/cropped-logoravendesign.png","contentUrl":"https:\/\/ravendesignestudio.com\/wp-content\/uploads\/2023\/06\/cropped-logoravendesign.png","width":380,"height":355,"caption":"Raven Design Estudio"},"image":{"@id":"https:\/\/ravendesignestudio.com\/#\/schema\/logo\/image\/"}}]}},"_hostinger_reach_plugin_has_subscription_block":false,"_hostinger_reach_plugin_is_elementor":false,"uagb_featured_image_src":{"full":false,"thumbnail":false,"medium":false,"medium_large":false,"large":false,"1536x1536":false,"2048x2048":false,"et-pb-post-main-image":false,"et-pb-post-main-image-fullwidth":false,"et-pb-portfolio-image":false,"et-pb-portfolio-module-image":false,"et-pb-portfolio-image-single":false,"et-pb-gallery-module-image-portrait":false,"et-pb-post-main-image-fullwidth-large":false,"et-pb-image--responsive--desktop":false,"et-pb-image--responsive--tablet":false,"et-pb-image--responsive--phone":false,"woocommerce_thumbnail":false,"woocommerce_single":false,"woocommerce_gallery_thumbnail":false},"uagb_author_info":{"display_name":"Posicionamiento Web","author_link":"https:\/\/ravendesignestudio.com\/index.php\/author\/ravendesignestudio-com\/"},"uagb_comment_info":0,"uagb_excerpt":"\u00bfPOE QUE NOS ELIGEN? PYMES QUE NOS ACOMPA\u00d1AN Soy Deborah, llevo m\u00e1s 20 a\u00f1os trabajando de forma remota con una gran variedad de PYMES de diversos rubros. Algunos de Nuestros Clientes www.volquetescapitalfederal.com www.comprochatarrasscrap.com www.volquetesnacho.com.ar www.turismo180grados.com |https:\/\/gimnasiobodymaniac.com\/ www.emserpilar.com.ar","_links":{"self":[{"href":"https:\/\/ravendesignestudio.com\/index.php\/wp-json\/wp\/v2\/pages\/113","targetHints":{"allow":["GET"]}}],"collection":[{"href":"https:\/\/ravendesignestudio.com\/index.php\/wp-json\/wp\/v2\/pages"}],"about":[{"href":"https:\/\/ravendesignestudio.com\/index.php\/wp-json\/wp\/v2\/types\/page"}],"author":[{"embeddable":true,"href":"https:\/\/ravendesignestudio.com\/index.php\/wp-json\/wp\/v2\/users\/1"}],"replies":[{"embeddable":true,"href":"https:\/\/ravendesignestudio.com\/index.php\/wp-json\/wp\/v2\/comments?post=113"}],"version-history":[{"count":69,"href":"https:\/\/ravendesignestudio.com\/index.php\/wp-json\/wp\/v2\/pages\/113\/revisions"}],"predecessor-version":[{"id":2164,"href":"https:\/\/ravendesignestudio.com\/index.php\/wp-json\/wp\/v2\/pages\/113\/revisions\/2164"}],"wp:attachment":[{"href":"https:\/\/ravendesignestudio.com\/index.php\/wp-json\/wp\/v2\/media?parent=113"}],"curies":[{"name":"wp","href":"https:\/\/api.w.org\/{rel}","templated":true}]}}